r when i is divided by 83?
73
Suppose -27*r + 463 + 1913 = 0. What is the remainder when (6/24*-4)/((-2)/r) is divided by 17?
10
Suppose -5*d + 15 + 10 = 0. Let r(j) be the second derivative of -j**4/6 + 14*j**3/3 - 6*j**2 - 10*j. Calculate the remainder when r(13) is divided by d.
4
Let b be (-28)/(-6)*(-108)/8. Suppose -385*k + 150 = -387*k. Let c = b - k. What is the remainder when 46 is divided by c?
10
Suppose -2033 = -4*r - o, 3*o - 136 = 2*r - 1135. Let l = r - 495. Calculate the remainder when 47 is divided by l.
11
Suppose -2*h = 5*m - 3 + 9, -m = 2*h - 10. Suppose -h*i + 8*i = -42. Let x = i - -57. Calculate the remainder when 29 is divided by x.
14
Let h = -8146 + 8169. Calculate the remainder when 465 is divided by h.
5
Suppose -2*n - w + 66 = 0, -5*n = -0*n - w - 151. Let s(p) = 11*p + 302. Calculate the remainder when s(-8) is divided by n.
28
Suppose -4*n + 2*n = 4*r - 116, -4*n + 227 = 3*r. Calculate the remainder when 130/(-39) + ((-1334)/6)/(-1) is divided by n.
51
Let d(b) = 4*b**2 - 96*b - 272. What is the remainder when 67 is divided by d(-3)?
15
What is the remainder when 7071 is divided by (56985/348)/(5/8)?
259
Suppose -3*r = -8*m + 5931, 2205 = 3*m + 42*r - 41*r. Calculate the remainder when m is divided by 309.
120
Let l = 7 + 0. Suppose -48*u + 53*u + 35 = 0, 29 = 5*r - 2*u. Calculate the remainder when l is divided by r.
1
Suppose 236*p + 2093 = 243*p. What is the remainder when (-18)/3*p/(-2) is divided by 60?
57
Let l(q) = 9*q**2 + 169*q - 12. Calculate the remainder when 224 is divided by l(-19).
16
Let y = -1633 - -1667. Let k(f) = f**3 + 11*f**2 + 2*f - 12. What is the remainder when k(-9) is divided by y?
30
Let b(w) = 7*w - 180. Let y(m) = -2*m**2 - 23*m + 1. Calculate the remainder when y(-10) is divided by b(28).
15
Let h(a) = 32*a - 1910. What is the remainder when 433 is divided by h(73)?
7
What is the remainder when 5003 is divided by (-154)/231*990/(-12)?
53
Suppose 23*w - 3499 - 911 = -26*w. What is the remainder when w is divided by 47?
43
Let g(a) = -52*a + 2528. Calculate the remainder when 328 is divided by g(47).
76
Let k(x) = 16*x**2 + 40*x + 63. What is the remainder when 6948 is divided by k(-2)?
39
Let z(c) = -c**3 - 2*c**2 - 12*c. Let l be z(0). Suppose 2*x + 5*a - 1609 = l, -x - a + 962 = 162. What is the remainder when x is divided by 25?
22
Let y(l) = 39*l**2 - 3*l + 4. Let q = 167 + -152. Calculate the remainder when y(1) is divided by q.
10
Let h = -7433 - -9937. What is the remainder when h is divided by 312?
8
Let g be -1 - (8 + (-5271)/7). Suppose -1312 = -8*l - g. What is the remainder when l is divided by 12?
11
Suppose 5*v + 20 = 3*v. Let g(y) = y**2 + 10*y - 4. Let t be g(v). Let n = 2 - t. Calculate the remainder when n is divided by 2.
0
Let n = -6 - -11. Let h(x) = 7*x + 16. Calculate the remainder when h(n) is divided by 13.
12
Let c(o) = -o**3 - o - 33. Let a be c(0). Let v = 24 - a. Suppose 800 = 61*k - v*k. What is the remainder when k is divided by 29?
26
Let b(p) = -p**2 + 14*p + 9. Let t be b(12). Let c = t - 22. Calculate the remainder when 2 is divided by c/(385/(-42))*10/(-6).
0
Let a = 1254 + -774. Calculate the remainder when a is divided by 69.
66
Suppose 16*h = 6*h + 5580. Let q(d) = 50*d**2 - 7*d - 6. Calculate the remainder when h is divided by q(-1).
48
Let o = -527 + 319. Calculate the remainder when (-31 + -1)*8/(o/65) is divided by 58.
22
Let j(p) = -p**2 + 9*p + 15. Let u be j(11). Let a(x) = x**3 + 11*x**2 + 15*x - 12. What is the remainder when a(u) is divided by 8?
7
Suppose -213*o + 14605 = -3500. What is the remainder when o is divided by 68?
17
Let o = 1155 + -537. Calculate the remainder when o is divided by 201.
15
Let l = 10 + -5. Suppose -5*q = -j - 490, 0 = l*j - 22 - 3. What is the remainder when q is divided by 17?
14
Suppose 2720 = 72*i - 64*i. Suppose -i = -133*w + 128*w. Calculate the remainder when 206 is divided by w.
2
Let n = 39 - -92. Calculate the remainder when (-58 + n)/(((-4)/6)/(-2)) is divided by 17.
15
Let q(x) = x**2 + 4*x + 2. Suppose 5*l - m = 2*l - 164, 5*l + 3*m = -292. Let a = l - -58. What is the remainder when q(-4) is divided by a?
0
Let v = 863 - 1266. Let m = v - -510. What is the remainder when m is divided by 38?
31
Let p(v) = 15*v + 20. Let q be p(12). Calculate the remainder when 171 is divided by (-2*(-14)/(-20))/((-8)/q).
31
Suppose -5*l + 30 = 5*t, -2*t = 4*l + l - 24. Calculate the remainder when 38 is divided by (5/t + -2)*74.
1
Let j = -2758 + 310. What is the remainder when 200 is divided by j/96*-2*1?
47
Suppose -23*d = -22*d - 840. Suppose 11*s = -10*s + d. What is the remainder when 438 is divided by s?
38
Suppose 16*b - 116 = -4*u, -17 = -5*b - 7. What is the remainder when 6467 is divided by u?
20
Suppose 0 = -4*v + 5*r + 494, -2*v + 2*r = -752 + 508. Calculate the remainder when 353 is divided by v.
5
Let k = 7563 + -7522. Suppose 4*n - 293 = 27. Calculate the remainder when n is divided by k.
39
Let h = -238 + 228. Calculate the remainder when (-70)/h + 2*8 is divided by 13.
10
Suppose -59*l + 24 = -111 - 3641. Calculate the remainder when 423 is divided by l.
39
Let y = 637 - 241. Suppose 3*g - 5*j = -8*j + y, 3*g - 394 = -4*j. Calculate the remainder when g is divided by 23.
19
Let j(w) = -w**2 + 25*w - 77. Let p(f) = -3*f + 89. Let d be p(23). What is the remainder when 49 is divided by j(d)?
3
Calculate the remainder when (-15)/(-25) + 11 + 24363/45 is divided by 17.
9
Suppose -86*o = -2636 + 658. Suppose -b - 3 = -1. Let i(y) = -2*y + 2. Calculate the remainder when o is divided by i(b).
5
Calculate the remainder when 458 + ((-82)/41)/(1/4) is divided by 36.
18
Calculate the remainder when 149 is divided by 6*(-17 - 605/(-33)).
5
Suppose -5*x - 5 = -3*r, -19*x + 15*x = 4*r + 4. Suppose 0 = -5*o - 0*o + 100. What is the remainder when o is divided by (-110)/(-20)*(3 + x)?
9
Suppose a + 8*a + 148*a = 105975. Calculate the remainder when 689 is divided by a.
14
Let n(l) = 28*l + 10. Suppose -3*t - 8 = -4*m - 5*t, -10 = -5*t. What is the remainder when n(m) is divided by 5?
3
Suppose -3809*q + 3800*q = -315 - 108. Calculate the remainder when 514 is divided by q.
44
Let a = -20709 + 20715. Calculate the remainder when 941 is divided by a.
5
Suppose -c + 6*c = -2*m + 110, 2*c - 2*m - 30 = 0. Suppose d + 10*n - 10 = 56, -2*n - 78 = -d. Calculate the remainder when d is divided by c.
16
Suppose -292 = 49*o - 3820. Suppose 3*y = -y - 84. Let m = y - -40. Calculate the remainder when o is divided by m.
15
Let p(d) = d**2 - 16*d + 38. Let h = -1390 - -1617. What is the remainder when h is divided by p(16)?
37
Suppose 9*h - 83193 + 83148 = 0. What is the remainder when 378 is divided by h?
3
Suppose 0 = 5*s + 24 - 19. Let n be (0 - -4) + (2 - (s - -1)). Suppose 0 = n*t - 8*t + 16. Calculate the remainder when 37 is divided by t.
5
Suppose 11*h - 117 = 8*h. Suppose -h = -c - 9. Suppose -198 = 2*q - 13*q. What is the remainder when c is divided by q?
12
Let b(v) = 23*v + 11. Let n be b(8). Suppose 5*o = 2*o + n. Calculate the remainder when 162 is divided by o.
32
Let y = 6 + 8. Suppose -219 = -4*l + 177. Calculate the remainder when l is divided by 2/7 + 346/y.
24
Suppose 4*m - 1158 = 3*l, 3*l - l = -m + 273. What is the remainder when m is divided by 134?
17
Suppose -12*s - 122 + 26 = 0. What is the remainder when (558/45 - s)*(-5)/(-2) is divided by (-3)/(-2)*66/9?
7
What is the remainder when (6 + (-4008)/132)*-11 is divided by 118?
32
Suppose -9 + 904 = 62*v - 345. Let i = 23 - -3. What is the remainder when i is divided by v?
6
Suppose 0 = -23*z + 27*z + 4*u - 2836, -5*u + 1418 = 2*z. Let g = -672 + z. Calculate the remainder when g is divided by 10.
7
What is the remainder when (-125)/2*-2*1 is divided by 4/(-20)*(49/14 - -4) + 59/2?
13
Let f(w) = -4*w + 12. Let y(k) = 9*k - 25. Let v(z) = -13*f(z) - 6*y(z). Let m = -5 - -16. What is the remainder when v(-23) is divided by m?
7
What is the remainder when (-38946)/(-50) - 10*(-11)/1375 is divided by 13?
12
Let q = -190 - -191. Let d(h) = 115*h - 56. What is the remainder when d(q) is divided by 15?
14
Suppose 3*d - 2 = o, o + 7 = 4*d + 3. Suppose d*g = -0*g - 2*r + 36, 2*g = r + 48. What is the remainder when 415 is divided by g?
19
Let v(t) = -6*t